
-7
Let x(v) be the third derivative of v**4/24 + 6*v**3 + 1830*v**2. Determine x(-7).
29
Let m be -232 + 233 - (-1 + 0). Let x(u) be the first derivative of -10 + 9/2*u**m + u. Determine x(-1).
-8
Let g(m) = -6 - 1132*m + 562*m + 576*m. Calculate g(0).
-6
Let x(v) = v**3 + 8*v**2 + 4*v - 12. Let r be x(-7). Let y(s) = 5*s - 45. Calculate y(r).
0
Let y(t) = 1 - 1110307*t + 1 + 1110314*t. Calculate y(-4).
-26
Let t(c) = -122 + 113 - 29*c - 23*c + 13*c**2 + 18*c. Calculate t(3).
6
Suppose 0 = 493*x - 496*x - 5*y - 46, -4*x + 5*y = 38. Let h(m) = 7 + 4*m - 11*m - m**2 - 4*m. Give h(x).
-5
Let b(g) = 8*g**3 - 4*g**2 + 10*g - 1. Let f(x) = -9*x**3 - x**2. Let c(o) = -b(o) - f(o). Give c(-7).
-27
Let l(u) = -u**2 + 9*u + 1. Let c = -86 + 107. Suppose c = 20*z - 17*z. Calculate l(z).
15
Let s(b) = -b**3 - 8*b**2 - 28*b**2 + 3*b**2 - 102 + 67*b + 78 - 82. What is s(-35)?
-1
Suppose -2*h - 11963 = -3*m - 4*h, -h = 5*m - 19936. Suppose 8*k = -k + m. Let j(i) = 5*i - 1 + 444*i**3 + 7*i**2 - k*i**3 + 0*i. Give j(-6).
5
Let k be (-4)/2 - 0 - -3. Let x(r) be the third derivative of 0*r**4 + 1/6*r**3 + 15*r - 1/8*r**6 + 0 + 0*r**5 + 4*r**2. Give x(k).
-14
Let j(w) = -4*w**2 + 28*w + 21. Let r(d) = d**2 - 9*d - 7. Let m(s) = -2*j(s) - 7*r(s). Suppose -83*b + 42 = 540. Give m(b).
1
Let w(k) = -8*k - 29. Let g(j) = -6*j - 14 - 21 + 5 + 0*j. Let x(b) = -3*g(b) + 2*w(b). Give x(-13).
6
Let u = 373 - 366. Let a(m) = 0 + 6 + 2*m - 9*m + u*m + 4*m. Give a(-4).
-10
Let v(b) = b**2 + b + 2. Suppose 22 = o + o - 4*m, 4*o + 21 = -5*m. Let r(u) = 5*u**2 + 20*u + 10. Let q(a) = o*r(a) - 6*v(a). Give q(11).
31
Let x(d) = d**3 - 4*d**2 + 4*d + 2. Let w = -3495 + 3498. What is x(w)?
5
Let s(z) = -z**2 - 7*z + 3. Suppose 5*y - j = 60, 2*j + 77 - 12 = 5*y. Suppose 2*q - 6 = i, -q + 5*i - 12 = -15. Let c = q - y. Give s(c).
-5
Suppose -2*t + 1 = -11. Let p be 1*(-2)/4*(-36)/t. Let b(k) = -p + 6*k - k + k - 5*k. Give b(2).
-1
Suppose 0 = -686*f + 691*f - 20. Let c(l) = -f + 0 + 4 + l. What is c(1)?
1
Let a(v) = 2*v + 12. Let m be a(-5). Let b(z) be the first derivative of 6*z + 35*z**2 - 2*z - 37*z**m + 25. Give b(3).
-8
Let z(y) = -10*y**2 - 9*y + 4. Let o(w) = -44*w**2 - 35*w + 17. Let h(v) = -2*o(v) + 9*z(v). Determine h(-6).
-4
Let a be (-1)/(-5) + 380/100. Let u be (-6)/a - 24/16. Let k(b) be the second derivative of -b**5/20 - b**4/4 - b**3/2 - 2*b**2 + b. Give k(u).
5
Let q(z) = 174*z - 342*z + 169*z + 19*z**3 - 3*z**2 - 22*z**3 + 2. Suppose 24 = -4*c + 4*u, -3 = -4*c - 4*u + 5. What is q(c)?
12
Suppose -2*b + 8 = 2*m, -119 = -4*b - m - 91. Let a(l) = 3*l + 0*l - b*l + 2*l + 3. What is a(-11)?
36
Let j(x) = x**2 + 11*x + 7. Let n = -224 + 252. Let k be -12 + (147/n - (-4)/(-16)). What is j(k)?
-21
Let p be (6/4)/((-6)/(-8)) + -31. Let z = p + 33. Let q(w) = 5 + 0*w**2 - w**2 + 2*w + w. Give q(z).
1
Let v(w) = 17*w + 13. Let o(q) = -12*q - 9. Let l = -38 - -141. Let r = l - 96. Let p(x) = r*o(x) + 5*v(x). Give p(-5).
-3
Let z(y) = 4*y + 1. Let x(w) = -w + 17. Let i be x(14). Suppose -3*a + 5*s + 12 + 13 = 0, i*s = 3*a - 15. Suppose 3*k - 7*k + 4 = a. What is z(k)?
5
Let i(s) be the first derivative of 6*s - 299 - 1/2*s**2. Determine i(4).
2
Let o(g) = -44*g + 8. Let z(l) = 5*l - 2. Let f(c) = o(c) + 9*z(c). Give f(13).
3
Let s(g) = -5*g + g + 10 + 9*g - 3*g. Determine s(-7).
-4
Let n(p) = -p**3 - 5*p**2 - p + 1. Let r(h) = 2*h + 1. Let o(c) = -n(c) - 3*r(c). Let w be 28/(-7) + 1/1. Let g be ((-2)/w)/((-3)/27). Determine o(g).
-10
Let t(o) = 7*o**2 - 8*o + 7. Let q(m) = 6*m**2 - 8*m + 6. Let i(x) = 6*q(x) - 5*t(x). Suppose 42*f - 498993 = -498699. What is i(f)?
-6
Let g(x) = -2*x**2 + 5*x + 3. Let v = 1089 + -1094. Give g(v).
-72
Let r(f) = f - 4. Suppose -19*y = -11*y - 480. Suppose 0 = 10*b - 25*b + y. What is r(b)?
0
Let a be -22 - -28 - 3/1. Let r(j) = j**3 + j**2. Let k(s) = 5*s**3 + 9*s**2 + s - 4. Let o(h) = k(h) - 6*r(h). Determine o(a).
-1
Let c(n) = -n + 1. Let x(u) = -2*u + 2. Let p be 4/(-30) - 141/(-45). Let y(g) = p*x(g) - 8*c(g). What is y(4)?
6
Suppose -3*p - 2*c = -6 - 3, 17 = 5*p + 4*c. Suppose 0 = 4*v - 8. Let y(t) = -13*t**v + 0*t**3 + 3*t**3 + 14*t**2. What is y(p)?
4
Let l(a) be the third derivative of a**5/60 - 3*a**4/4 + 3*a**3 + 1115*a**2. What is l(12)?
-54
Let b = 28 + -23. Let w be (-3 + b)*(-6 + 3). Let y(o) = -3*o**2 + 13*o + 13. Let n(t) = -2*t**2 + 7*t + 6. Let x(z) = 5*n(z) - 3*y(z). What is x(w)?
-21
Suppose -70475*z + 936 = -70319*z. Let i(t) be the third derivative of t**6/120 - t**5/12 - t**4/3 + 4*t**3/3 + t**2. What is i(z)?
-4
Suppose 13 = 5*r - 37. Suppose -7*y + 6 = -r*y. Let x(p) = 2*p**3 - 5*p**2 - 3*p - 4. Let q(t) = -t**3 + t**2 + t + 1. Let g(z) = 4*q(z) + x(z). Give g(y).
10
Let i(t) be the third derivative of t**5/60 - t**4/6 - 10*t**2 + 36. Suppose -l = 2*l - 12. Determine i(l).
0
Let r(g) = -g - 7. Let t(q) = 11. Let m(j) = -30. Let c(i) = 6*m(i) + 17*t(i). Let d(w) = 3*c(w) + 2*r(w). Determine d(5).
-3
Let u(g) = -57*g - 110. Let q be u(-2). Let j(p) = -13*p - 3*p**2 - q + 20*p + p**2 + p**2 + 2. Determine j(2).
8
Let l(n) be the third derivative of n**7/5040 + n**6/90 - n**5/15 - n**4/12 + n**2 + 62*n. Let j(h) be the third derivative of l(h). Give j(-4).
4
Suppose -m - 59 = -4*s, 7*m + s = 4*m - 216. Let o = m - -74. Let w(c) = 3*c - 5*c**2 + 4*c**2 - 1 - 2. Calculate w(o).
-3
Let q(g) = 5*g - 1. Let i = -534 + 550. Suppose 0 = -4*a - 2*r + 18, i*a - r - 21 = 13*a. What is q(a)?
29
Let z(j) be the second derivative of -1/4*j**4 - 2 + 1/20*j**5 + 4*j**2 + 61*j - 1/3*j**3. Determine z(4).
16
Let z = 72 - 70. Let x(j) = 7*j - j**2 - 6*j**z - 9*j**2 + 4 + 18*j**2. Calculate x(-4).
8
Let x(r) be the third derivative of -r**6/120 - 2*r**5/15 - r**4/2 + 3056*r**2. Give x(-5).
-15
Let r(x) be the first derivative of 45*x**2/2 - 5*x + 7082. Determine r(-1).
-50
Let g(u) = 8*u + 11. Let b(w) = w. Let a(l) = 6*b(l) - g(l). Let h be 1 - -15 - (-89 - -110). Calculate a(h).
-1
Let v(n) = -37*n + 32. Let m(k) = 40*k - 35. Let a(z) = -8*m(z) - 9*v(z). Calculate a(7).
83
Suppose 72 = -355*p + 364*p. Let d(a) = -a**3 + 9*a**2 - 9*a + 7. Determine d(p).
-1
Let i(f) = -f**3 - 6*f**2 - 8*f + 4. Let m(s) = -s**2 - 103*s + 1003. Let n be m(-112). Determine i(n).
19
Let g(k) = -13*k + 173. Let s(n) = 32*n - 420. Let j(b) = 12*g(b) + 5*s(b). Determine j(6).
0
Suppose 2*h - 58 = s, -6*h + 3*h = 2*s - 94. Suppose -32*y = -h*y - 2*w - 22, 0 = 2*y + 4*w + 2. Let b(u) = u**2 - 8*u - 7. What is b(y)?
-14
Let m(f) be the first derivative of -f**3/3 + 7*f**2/2 + 38*f - 1643. Give m(10).
8
Let c = 10077/2 + -5038. Let s(m) be the third derivative of 0*m + 0 - 1/12*m**4 - 22*m**2 + c*m**3 - 1/12*m**5. Give s(2).
-21
Let s(c) be the third derivative of c**4/24 - 65*c**3/6 + 2062*c**2 + 2*c. Determine s(23).
-42
Let l(g) = g**3 - g**2 - 2*g + 1. Let s(o) = -o - 9. Let d be s(-17). Suppose -p = d*p - 18. Suppose 4*w + p = 2*q - 12, -5*w - 14 = q. Determine l(q).
-1
Let j(n) = -25*n + 128. Let s be 86/108*6 + 12/54. Determine j(s).
3
Let b(p) = 4*p + 91. Suppose 601*u = 619*u + 360. Determine b(u).
11
Let m(l) = l**2 + 8*l - 10. Let o be m(-9). Let k be 2 - o*1 - (-25 + 25). Let p(n) = 24*n**2 - 5*n - 17*n**2 - n**k + n - 14*n**2 + 5. Determine p(-6).
-7
Let t(h) be the second derivative of -3 + 1/6*h**4 - 1/2*h**2 + 0*h**3 - 20*h. Calculate t(-3).
17
Let n(a) = a**2 + 9*a + 2. Let b(k) = 11*k - 149. Let f be b(18). Suppose -5*q = 4*t + 60, -2*q = t + f - 28. Give n(q).
-6
Let b(n) = 1. Let c(j) = j. Suppose -1 + 3 = -r. Let t(z) = r*c(z) + 3*b(z). Let a(w) = -93*w + 2886. Let s be a(31). What is t(s)?
-3
Let t(o) = 126*o**2 + 11*o - 19. Let u(p) = -124*p**2 - 10*p + 17. Let w(y) = -8*t(y) - 9*u(y). Give w(1).
109
Let y(c) = c**2 + c - 1. Let v(k) = -2*k**2 - 21*k + 8. Let m(a) = v(a) + 3*y(a). Give m(18).
5
Let m(n) = 52*n + 467. Let f be m(-9). Let a(x) = 4*x**2 - x + 1. Give a(f).
6
Let x(l) = 7*l**3 + 2*l**2 + 4*l. Let z(p) = -13*p**3 - 4*p**2 - 10*p - 1. Let n(f) = 7*x(f) + 3*z(f). Determine n(-1).
-9
Suppose 0 = 4*y - 2*m + 20, -3*m - 30 = -4*y - 54. Let q(f) = -33*f + 111. Let c(a) = 14*a - 56. Let n(v) = y*q(v) - 7*c(v). What is n(0)?
59
Let y(p) = p + 1. Let w(i) = 4*i**2 + 7*i. Let d be w(-3). Let c = 13 + -28. Let j = c + d. Give y(j).
1
Let p